-6). What is the highest common factor of c and 13?
13
Let i = 7 - 7. Suppose j - 2 = 5*b - 15, -4*j = -3*b + 1. Suppose -6*k + 10 + j = i. Calculate the highest common factor of 1 and k.
1
Let i(f) = 72*f + 47. Let g be i(5). Calculate the highest common factor of g and 37.
37
Let a = -24 - -40. What is the highest common factor of 2 and a?
2
Suppose 2*q - 10 = 38. Let l = q - -18. Calculate the greatest common divisor of 105 and l.
21
Let m be -1*((-482)/8 - 24/32). Calculate the highest common factor of 793 and m.
61
Let w = 3984 - 1867. What is the highest common factor of 29 and w?
29
Let t be 18*2/8*6 + -5. Calculate the highest common divisor of 11 and t.
11
Let k = -1832 - -1966. What is the greatest common divisor of k and 4?
2
Let v(h) = -h**3 + h**2 - h + 16. Let g = 22 + -22. Let y be v(g). Calculate the greatest common factor of y and 64.
16
Suppose 22*c - 17*c = -30. Let b(u) = -u**2 - 14*u - 32. Let q be b(c). What is the greatest common divisor of q and 128?
16
Let f be 4/6 - (-110)/(-3). Let j = 55 + f. Suppose a + 509 = 8*u - 5*u, 2*a = -5*u + 863. Calculate the highest common factor of u and j.
19
Suppose 0 = 2*u + 111 - 47. Let z be (-36)/u + 2/(-16) + 51. Calculate the highest common divisor of z and 13.
13
Let y be (-2 - 8*-2) + -2. Let b(n) = -n**3 - 2*n**2 + 1. Let l be b(-1). Suppose 0*a + a - y = l. What is the greatest common factor of 96 and a?
12
Let s = 148 + -101. Let n = s + -19. Let b be (-1780)/(-9) + n/126. Calculate the greatest common divisor of 18 and b.
18
Let l(v) = -16*v + 25. Let x be l(1). What is the highest common divisor of x and 1251?
9
Let f(g) = -g**2 + 10*g - 9. Let m be f(9). Suppose -y + 2 = m, 2*y - 16 = -b - 2*y. What is the highest common factor of 88 and b?
8
Suppose 4*n = 12*n - 16. Suppose -4*s + 2*a - 1 = -17, -4*a = 2*s + n. Calculate the highest common divisor of 21 and s.
3
Suppose 140*m = -w + 145*m + 1961, -w + 1959 = -3*m. What is the greatest common factor of 12 and w?
12
Let l be 1/(98/32 - 3). Let o = l - 11. Suppose 0 = o*h + 35 - 145. Calculate the highest common divisor of 22 and h.
22
Let n(h) = -85*h - 5. Let t be n(-2). Suppose t + 315 = 6*k. Calculate the highest common divisor of 200 and k.
40
Let k = 4 - 1. Suppose -3*p + 320 = -4*o, -p = k*o - 5*o - 104. Suppose -y + 2*a + 16 = -6, -100 = -4*y + 4*a. Calculate the greatest common divisor of p and y.
28
Suppose -5*t + 7*t = 0. Let z be (2 + 1)*(-88)/(-6). Suppose -u + z = -t*u. Calculate the greatest common factor of 66 and u.
22
Let b = -1 + 20. Let a be -1 + b + -3 + 1/(-1). What is the highest common divisor of a and 126?
14
Let n(p) = 24*p + 26. Let d be n(1). Calculate the greatest common divisor of 90 and d.
10
Let d = 888 - 1272. Let x be (12/2)/((-9)/d). Calculate the greatest common divisor of x and 32.
32
Let n = 320 + -300. Suppose 5*f - 5*p = -5, -1 = 4*f - 3*p - 2. Suppose j - 3*j = -h - 8, 5*j - n = f*h. What is the highest common divisor of 16 and j?
4
Suppose -3*p + 4*k + 27 = -0*p, -5*p = 5*k - 45. What is the greatest common divisor of p and 36?
9
Let r(d) = -2*d - 35. Let h be r(0). Let v be h/10*4/(-7). Suppose 3*c - 12 = v*c. Calculate the greatest common factor of 12 and c.
12
Let c(f) be the first derivative of 7*f**3/3 - 3*f**2 - 13*f + 3. Let r be c(-6). What is the highest common divisor of r and 25?
25
Let w(i) = 5*i + 115. Let v be w(-22). Calculate the greatest common factor of v and 125.
5
Let u = -13 + 9. Let x = 1 - u. Suppose r - 20 = -x*y, -5 = -3*y - 5*r + 7. Calculate the highest common divisor of y and 16.
4
Suppose 144 = -3*r + 9*r. Suppose 4*g = 205 + 275. Calculate the highest common factor of r and g.
24
Let d = 21 + -3. Let n(g) = g**2 + 3*g - 6. Let w be n(-6). Calculate the highest common factor of w and d.
6
Let g be 13/(0 - 1) - -1. Let i be (-4)/16 + (-231)/g. What is the greatest common factor of i and 133?
19
Suppose -9*n + 2*m = -7*n - 174, 4*n - 358 = 2*m. Let a be (-1)/(1*(-1)/23). Calculate the greatest common divisor of n and a.
23
Let a = -251 - -266. What is the greatest common factor of 5 and a?
5
Suppose 3*c - 6855 = 5*o - 1077, -5*c + 9620 = -5*o. Calculate the greatest common factor of c and 17.
17
Suppose -2*u = -2*t - 276, -5*u - t + 678 = -0*u. Suppose 22*f - u = 14*f. What is the greatest common factor of 119 and f?
17
Suppose -9117 - 4771 = -7*h. Calculate the greatest common divisor of 31 and h.
31
Let q(h) = -h + 27. Let m be q(5). Let a be 502/m - (2 + 72/(-33)). Calculate the greatest common factor of a and 1.
1
Suppose -5*a - 7 = -32. Suppose 5*u = a*o - 35, 5*u - 37 = -o - 12. Let v be (-456)/(-15) + (-4)/o. Calculate the greatest common divisor of v and 10.
10
Let c = -21 - -101. Suppose 0 = 3*l + l + c. Let p be -24*(3 + l/6). What is the highest common divisor of 40 and p?
8
Suppose -300*m + 302*m = 16. Calculate the highest common divisor of 336 and m.
8
Let y be 2 + (0 - 0/2). Let l be 7*((-30)/21 + y). Suppose l*i = n + 73, 2*i = -i + 4*n + 45. What is the highest common factor of 38 and i?
19
Let r be 46/(-7)*(-64 + 57). Calculate the highest common divisor of 368 and r.
46
Let q(b) = b**2 + 4*b + 17. Let x be q(-4). What is the greatest common factor of 731 and x?
17
Let v be 55 - 4 - (4/4 - 4). Calculate the highest common divisor of v and 126.
18
Let z(s) = 3*s**2 + 17*s. Let v be z(-7). What is the greatest common divisor of 14 and v?
14
Let r(f) = f**2 + 7*f + 7. Let k be r(-6). Let m be (4 - (-73 + 5))/k. What is the highest common divisor of m and 9?
9
Let t(f) = -10*f + 20*f + 1 + 159*f. Let y be t(1). Calculate the greatest common factor of 34 and y.
34
Let d(r) = 72*r - 61. Let x be d(2). Calculate the greatest common divisor of 747 and x.
83
Let s(t) = -t**3 + 18*t**2 - 31*t + 29. Let c be s(16). What is the highest common factor of 135 and c?
45
Let c(f) be the first derivative of -1/4*f**4 + 2*f**2 - 2*f**3 + 13 + 0*f. Let u be c(-7). Calculate the highest common factor of 14 and u.
7
Let m(w) = -2*w**3 - 4*w**2 - 23*w - 137. Let s be m(-5). Calculate the greatest common divisor of 272 and s.
16
Let b be (-5)/2*40/(-4). Suppose -3*u = 2 + b. Let v be 9/6*(-84)/u. Calculate the greatest common factor of 56 and v.
14
Suppose 0 = 85*s - 86*s + 68. Suppose 0 = -5*u + s - 33. Calculate the greatest common divisor of 91 and u.
7
Let y = -80 - -92. Suppose -778 = -y*m - 238. What is the greatest common factor of m and 180?
45
Let d = 143 + -50. Suppose d = -2*i + 237. Let f be (15 - (2 + -3)) + 2. What is the greatest common divisor of i and f?
18
Suppose -3*t + 747 = 135. Let m = t - 195. Suppose -5*o = 5*h - 40, -5*h + 2*o = 5*o - 42. Calculate the greatest common factor of h and m.
9
Let s be 1 - (2 - 4 - 15). Let z be (-2)/8 + (-49)/(-4). Let i = -6 + z. What is the highest common divisor of i and s?
6
Suppose r = 10 + 5. Let i(x) = 0*x + 37 - x - r. Let l be i(11). What is the greatest common factor of l and 33?
11
Suppose -5*o = 20, -b + 12 = -5*b - o. Let l(f) = -15*f**3 - 5*f**2 + f + 2. Let q be l(b). Calculate the greatest common factor of 40 and q.
20
Let w(o) = -o**3 + 9*o**2 + 11*o + 6. Let g be w(10). Let d be -10 - 25/(275/(-3102)). What is the greatest common divisor of d and g?
16
Suppose 15*i - 1389 - 651 = 0. What is the highest common divisor of 51 and i?
17
Let z(t) = -3*t - 19. Let c be z(-6). Let n be (-2 - -9 - 0) + c. Let b be (2/4)/((-1)/(-108)). Calculate the greatest common divisor of b and n.
6
Suppose 0 = -k + 5*k - 280. Let b = -55 + k. What is the highest common factor of 75 and b?
15
Suppose -5*w - 120 + 95 = 0, 0 = -5*l + w + 130. Calculate the highest common divisor of 25 and l.
25
Suppose 8*q - 241 + 41 = 0. What is the greatest common divisor of 1025 and q?
25
Let r = 7 + -1. Suppose 3 = 7*t - r*t. Suppose 8*b = 3*b + 75. Calculate the greatest common divisor of b and t.
3
Suppose 0 = 19*n - 1088 - 2465. What is the greatest common factor of 11 and n?
11
Let w = 33 - 30. Suppose w*p - 2*p - 4*r + 6 = 0, -2*p + r = -9. Calculate the greatest common factor of 66 and p.
6
Let g = 65 - 47. What is the greatest common divisor of 90 and g?
18
Let b(v) = -v**3 - 5*v**2 + 13*v + 49. Let l be b(-7). What is the greatest common divisor of 84 and l?
28
Suppose -3*d = 2 - 8. Let v be (-4)/(d + (-3 - 0)). S